l/(-4)). Suppose 0 = -3*u - 2*d + 227, 0*u = -u + s*d + 81. What is the tens digit of u?
7
Suppose 5*n = 4*y - 16, -4*y + 10 + 6 = -4*n. Let i = 56 + -38. Let x = i + n. What is the units digit of x?
8
Let f be 9/6 + 994/28. Suppose -36*a = -f*a + 1031. What is the units digit of a?
1
Let m(s) = 390*s. Let f be m(1). Let h(v) = -v + 28. Let x be h(23). Suppose x*r - 100 - f = 0. What is the tens digit of r?
9
Let g(v) = v**3 - 5*v**2 - 24*v + 107. Let o be g(6). What is the hundreds digit of ((-8)/16)/(o/1296)?
6
Suppose 44*f = -5*a + 43*f + 78592, 5*a = 3*f + 78564. What is the hundreds digit of a?
7
Let f(l) = 0*l + 5*l + 6 + 11 + 2. Let x be f(-4). What is the units digit of (3/(-6))/(x/66)?
3
Suppose 0 = 3*o - 4*q + 2572, 2*o + 2*o + q + 3442 = 0. What is the tens digit of o/6*(184/40 - 7)?
4
Suppose 20*z - 6*z - 56 = 0. Suppose -t = z*g - 1448, 0 = 5*t - 3*g + 6*g - 7172. What is the units digit of t?
2
Suppose 166126 - 252370 = -154*u + 624466. What is the hundreds digit of u?
6
Let q = 4847 - -25785. What is the tens digit of q?
3
Suppose 24*c + 60 = 19*c. Let p(f) = -f**3 - 6*f**2 + 21*f - 11. What is the tens digit of p(c)?
0
Suppose 4*u = l - 5*l + 5936, 2*l = 3*u - 4427. Let r = 2088 - u. What is the tens digit of r?
0
What is the tens digit of (-191 - -186)*(-6242)/5?
4
Let d(i) = -1140*i + 11635. What is the tens digit of d(0)?
3
Let k be ((-6)/24)/(165/84 - 2). Let j be ((-60)/5)/3 + k. Suppose -2*c - z = -41, z = 5*c + j*z - 104. What is the units digit of c?
2
Let k(t) = 484*t + 425. Let s be k(46). Suppose 0 = -36*u + s + 3015. What is the units digit of u?
4
Let j(t) = t**3 - 25*t**2 + 15*t - 3. Let r = -156 + 181. What is the units digit of j(r)?
2
Let i(m) = -88*m + 6 + 0*m**3 - 8*m + m**3 - 5*m**2 + 89*m. Suppose -2*x + 0*z = -3*z - 23, 5*x = -2*z + 29. What is the units digit of i(x)?
5
Suppose 52250 = -31*c + 34*c + r, c = 3*r + 17420. What is the ten thousands digit of c?
1
Suppose -4*j + 3 + 13 = 0. Suppose 0*c = j*c - 480. Let b = c + -31. What is the units digit of b?
9
Let i = 5722 + -2238. What is the units digit of i?
4
Let l(o) = 17*o**2 + 9*o - 5. Let y(r) = -r**3 - 3*r**2 + 4*r + 5. Let f be y(-3). What is the hundreds digit of l(f)?
7
Let f = -353 + 8768. What is the thousands digit of f?
8
Suppose -4*q - 6 = -14. Let a = q + 29. What is the units digit of a/(5/20 - 9/(-12))?
1
Suppose -35*a + 448031 = -5*b + 3*b, 51196 = 4*a - 4*b. What is the thousands digit of a?
2
Suppose 2 = -6*n - 10. Let i(p) = -217*p - 2. Let l be i(n). Suppose 0 = 5*x - f - l, 4*f - 39 = -4*x + 297. What is the units digit of x?
6
Let x be (4 - 74/(-4))*(-12)/(-9). Suppose -5*j = 5*j - x. Suppose -t + 48 = -4*q, -j*t = -3*q - 134 - 46. What is the units digit of t?
4
Suppose -192529 = -26*f + 7775. What is the thousands digit of f?
7
Suppose -4*v + 44338 = -3*a, -27358 = -2*v - 3*a - 5216. What is the hundreds digit of v?
0
Let x = -44 + 48. Suppose 8 = -x*h - 5*g, -8 = 5*h - 4*g + 2. What is the hundreds digit of (109 - (h - 2)) + -1?
1
Suppose -3274 = -5*i + 131. Let f = -245 + i. What is the hundreds digit of f?
4
Suppose 13*g - 510 = -172. Let y = 26 - g. Suppose -3*z = 4*l - y*z - 280, -5*l - z = -350. What is the units digit of l?
0
Suppose 5*x = -2*n - 2 - 5, 4*x + 3 = n. Let k(t) = -17*t - 17*t - 49*t + 0*t - 4. What is the tens digit of k(n)?
7
Let c(v) = v**3 + 17*v**2 - 14*v - 24. Let j(k) = -k**2 + k. Let w(h) = -c(h) + 4*j(h). Let l = 142 + -164. What is the tens digit of w(l)?
1
What is the hundreds digit of -10 + 952 - ((-4)/(-22) + 1125/165)?
9
Let j(c) = 89*c**2 - 129*c - 10. What is the hundreds digit of j(-9)?
3
Let l(p) = -8*p**3 - 9*p**2 + 25*p + 189. What is the units digit of l(-8)?
9
What is the hundreds digit of (-2021142)/(-90) - 0 - 2/15?
4
Suppose -30854 = -4*c + 2*v, c + 4*v - 2*v = 7696. What is the thousands digit of c?
7
Let v be (-1 - 1)/((-5)/(-40)*-1). Let m = 19 - v. Suppose -m*b = -5*n + 2*b + 25, -n - 7 = -4*b. What is the units digit of n?
9
Let a be ((-4)/6)/1*1566/12. What is the tens digit of (58/a)/(1/(-1251))?
3
Let m be 501 + 1 + -2 - 1. Let q be -353 - (-20 + 15 + -7). Let y = m + q. What is the tens digit of y?
5
Suppose 379310 = 56*n - 198360 - 146690. What is the tens digit of n?
3
Suppose -14105 = -8*x - 2225. Let t be x/(-60) - 2/8. What is the tens digit of 36 + (-3 - t/5)?
3
Suppose 4*z = 2*x - 8720, -22*x = -20*x + z - 8715. What is the thousands digit of x?
4
Let i(f) = -1146*f - 448. What is the tens digit of i(-6)?
2
Let y be (-1582)/(-18) - 2/(-18). Suppose -36 = -2*r + y. What is the units digit of r?
2
Let o = 7672 + -3889. What is the units digit of o?
3
Let m(q) be the third derivative of 22*q**5/3 - q**4/3 + 3*q**3/2 - 35*q**2. What is the tens digit of m(1)?
4
Let c(l) = -16340*l**3 - 2*l**2 - 8*l - 5. What is the units digit of c(-1)?
1
Let k(p) = p**3 - 5*p**2 - 3*p + 3. Let w be k(6). Let c(b) = 2 - w - 3 - 3*b + 1. What is the tens digit of c(-21)?
4
Suppose w = -13*a + 14*a + 8134, -40710 = -5*w - 5*a. What is the thousands digit of w?
8
Let n be 60/25*75/2. Let w = 108 - n. Suppose -w*a + 744 = -14*a. What is the tens digit of a?
8
Let i(v) = v**3 + 7*v**2 + v - 3. Suppose 0 = -4*r, 33 = -t - 2*t - 3*r. Let c be i(t). What is the units digit of ((-5)/(-15))/((-2)/c)?
3
Suppose -4*f - 644 = 220. Let k = -1 - f. What is the hundreds digit of k?
2
Let q = -1219 + 2462. Suppose 102 = -7*n + q. What is the units digit of n?
3
Suppose -20*o + 165920 = 40200. What is the hundreds digit of o?
2
Let r be 1 + (264/10 - (-2)/(-5)). Let x = r + -31. Let q = x - -40. What is the tens digit of q?
3
Suppose 3*s + 822 + 300 = 5*i, i + s = 218. Let k = 335 - i. Let n = k + -32. What is the tens digit of n?
8
What is the thousands digit of (-46918)/(-2) + (-4608)/256?
3
Let g(k) = k - 13. Suppose 3*r - 5*l - 55 = -2*r, 0 = 2*r - 4*l - 18. Let m be g(r). Let j(u) = u**2 - u + 57. What is the units digit of j(m)?
7
Let y = -332 - -1010. Let v = 1165 - y. What is the hundreds digit of v?
4
Suppose -15*p - 1041 = 5*m - 12*p, 15 = 5*p. Let j = m - -711. What is the hundreds digit of j?
5
What is the tens digit of 220137/27 + (-1 - 14/(-18))?
5
Suppose -5*g - 65942 = -4*l, -3*l + 42*g = 46*g - 49503. What is the tens digit of l?
9
Let g = -24 - -129. Suppose 4*m + 175 = 59. Let n = m + g. What is the units digit of n?
6
Suppose 232 = -2*a + 20238. What is the thousands digit of a?
0
Suppose 23 = 4*h - 1, -3*h + 59493 = 5*a. What is the thousands digit of a?
1
Let c(o) = -6591*o - 551. What is the hundreds digit of c(-6)?
9
Let k = -20 - 4. Let l(w) = 16*w + 7*w**3 + 3*w**3 + 37*w**2 - 60*w**2 - 11*w**3 - 27. What is the hundreds digit of l(k)?
1
What is the tens digit of 23/((-897)/143)*-1770?
9
Let b = -19545 + 26641. What is the hundreds digit of b?
0
Suppose 8*w - 468 = 21*w. Let m = 213 + w. What is the tens digit of m?
7
Let g = 86368 - 44771. What is the thousands digit of g?
1
Let x be (29 - 24) + (-1 - -1534). Suppose 19394 = 24*d + x. What is the tens digit of d?
4
What is the tens digit of (7 - (-272)/(-24))*(-2093 - 10)?
1
Suppose 18*f - 27511 = 16*f + u, 2*f - 27517 = -u. What is the hundreds digit of f?
7
Suppose 4 = 4*t - 0*t + 3*a, 0 = -2*t + 2*a - 12. Let v(w) = w + 4. Let r be v(t). Suppose 0*j - 5*c = -j + 60, 5*j = -r*c + 327. What is the tens digit of j?
6
Let w = 833 + -1258. Let j = w - -825. Suppose 5*b - 100 = -s, -4*s = -0*s - b - j. What is the units digit of s?
0
Let k = 25 - 26. Let a(h) = -75*h + 5. Let r be a(k). Let u = r - -3. What is the units digit of u?
3
What is the ten thousands digit of ((-15573)/716)/(1721/1724 + -1)?
1
Suppose -3*i = -99 - 0. Suppose 76 = 5*x - 6*m, 0 = -2*x - 4*m + 23 + i. What is the units digit of x?
0
Suppose -5*h + 3*y + 82845 = -y, -132609 = -8*h - 5*y. What is the tens digit of h?
7
Suppose -30*s = -35*s. Suppose 5*n + 0*t + 5*t - 60 = s, 2*t = -n + 11. Suppose 0 = n*d - 6*d - 1351. What is the tens digit of d?
9
Suppose 14*q + 43*q - 6954 = 0. Let l = q + 374. What is the hundreds digit of l?
4
Let p = 29800 + -19542. What is the thousands digit of p?
0
Let x be (-2)/5 + (-432)/45. Let r(y) = y**3 + 10*y**2 - 35*y + 8. What is the hundreds digit of r(x)?
3
Let z = 247 + -162. Let x = -80 + z. Suppose j + 4*v - 176 = 0, 5